u) = -u**3 + 24*u**2 + 49*u + 75. Calculate l(26).
-3
Let y(x) = 2*x**3 + 5*x**2 + 5*x + 2. What is y(-3)?
-22
Let c(j) = -j**2 + 34*j + 66. Give c(35).
31
Let c(n) = -n**2 - 13*n + 111. Determine c(6).
-3
Let k(r) = r**2 - 5*r - 4. Determine k(-4).
32
Let n(r) = -r**2 + 18*r - 6. Determine n(18).
-6
Let p(l) = 106*l - 9. Calculate p(1).
97
Let p(x) = -8*x**2 - 4*x + 6. Determine p(3).
-78
Let o(p) = -p**3 + 38*p**2 + 123*p + 4. Give o(41).
4
Let z(m) = -2*m**2 - 3*m - 2. Determine z(-4).
-22
Let b(z) = -2*z**3 - 14*z**2 - 14*z + 2. Give b(-6).
14
Let q(t) = -t**3 - 5*t**2 - 3*t + 1. Give q(-4).
-3
Let m(t) = 4*t**2 + 2*t - 1. Calculate m(1).
5
Let f(p) = -p**3 + 21*p**2 - 9*p - 215. Determine f(20).
5
Let m(x) = 3*x**2 - 86*x + 28. Determine m(29).
57
Let f(m) = 3*m**2 + 4. What is f(-4)?
52
Let u(i) = -3*i - 12. Give u(-2).
-6
Let i(k) = 2*k**2 - 24*k - 20. Calculate i(13).
6
Let r(y) = y**2 - 9*y - 9. Give r(10).
1
Let q(o) = -213*o - 1061. Determine q(-5).
4
Let s(n) = -28*n - 12. Determine s(-7).
184
Let a(s) = -s**2 - 35. What is a(0)?
-35
Let w(h) = h**3 + 3*h**2 - 5*h - 6. What is w(-3)?
9
Let l(g) = -78*g**2 - 5*g - 2. What is l(-1)?
-75
Let j(l) = 2*l**2 - 43*l + 41. Calculate j(20).
-19
Let n(w) = w**2 + 2*w - 3. What is n(3)?
12
Let h(g) = g**2 + 21*g - 83. Calculate h(-22).
-61
Let l(c) = 3*c - 32. Determine l(7).
-11
Let u(m) = -10*m - 420. Give u(-42).
0
Let o(a) = a**3 - 10*a**2 + 21*a + 20. Give o(6).
2
Let l(q) = -2*q**2 - q + 1. What is l(-4)?
-27
Let q(k) = 2*k**2 + 18*k + 9. Determine q(-8).
-7
Let l(p) = -2*p**3 - 49*p**2 + 20*p - 122. What is l(-25)?
3
Let d(b) = -b**3 + 25*b**2 - 48*b + 36. Determine d(23).
-10
Let n(a) = -6*a**2 + 85*a - 15. Give n(14).
-1
Let x(u) = -23*u - 4. Calculate x(-1).
19
Let d(v) = -2*v**3 + 2*v**2 - 2*v + 4. Calculate d(3).
-38
Let w(m) = m**2 + 39*m - 431. What is w(9)?
1
Let c(p) = p**3 + p**2 + 4*p. What is c(-6)?
-204
Let r(k) = -13*k**3 - 2*k**2 + 2*k - 1. Give r(1).
-14
Let o(t) = -t**3 - 5*t**2 + 2*t + 23. Calculate o(-6).
47
Let c(t) = t**3 - t**2 - 2*t + 3. Calculate c(5).
93
Let p(y) = y**3 + 12*y**2 - 13*y - 7. Calculate p(-13).
-7
Let n(c) = c**3 - 48*c**2 + 94*c - 93. What is n(46)?
-1
Let d(f) = -9*f**2 + 4. Give d(2).
-32
Let u(b) = -33*b + 98. Give u(3).
-1
Let t(w) = 3*w + 38. Determine t(-14).
-4
Let q(d) = -14*d - 22. What is q(-5)?
48
Let w(q) = 11*q**2 - 34*q + 10. What is w(3)?
7
Let d(q) = 14*q + 18. What is d(-3)?
-24
Let y(c) = c**3 + 11*c**2 + 2*c + 154. Calculate y(-12).
-14
Let b(t) = 13*t - 2. Determine b(-1).
-15
Let y(h) = -h**2 + 7*h - 16. Give y(4).
-4
Let j(f) = -f**2 + 4*f. Calculate j(3).
3
Let t(m) = -m**3 + 12*m**2 + 2*m - 4. Determine t(12).
20
Let g(c) = -5*c. Give g(3).
-15
Let x(b) = -2*b + 34. Give x(19).
-4
Let i(o) = -o**3 + 6*o**2 - 7*o - 2. Determine i(6).
-44
Let s(c) = -c**2 - 8*c + 28. What is s(-11)?
-5
Let v(b) = 5*b - 49. Give v(13).
16
Let l(b) = 51*b**2 - 8*b - 4. Calculate l(-2).
216
Let s(o) = -o**2 + o + 4. Determine s(-7).
-52
Let r(s) = -3*s + 18. Calculate r(6).
0
Let y(f) = 6*f**2 + f - 1. What is y(4)?
99
Let n(u) = 2*u**3 + 21*u**2 + 12*u + 22. Calculate n(-10).
2
Let w(y) = -9*y**2 + 65*y - 7. Determine w(7).
7
Let j(o) = o - 5. Give j(-8).
-13
Let g(d) = -6*d + 60. What is g(8)?
12
Let l(w) = w**2 + 3*w - 1. What is l(-6)?
17
Let d(z) = z**3 - 11*z**2 - 6. Calculate d(11).
-6
Let p(q) = q**3 - 33*q**2 - q + 48. What is p(33)?
15
Let j(o) = o**3 + 5*o**2 + 9*o - 1. Calculate j(-5).
-46
Let n(s) = -2*s + 44. What is n(14)?
16
Let t(r) = -11*r**2 - 4*r + 7. Determine t(3).
-104
Let o(w) = -w - 5. Calculate o(12).
-17
Let p(g) = 5*g**3 + g**2 - 1. Give p(-2).
-37
Let u(c) = -2*c**3 - 13*c**2 + 42*c - 34. Determine u(-9).
-7
Let g(a) = a**3 + 3*a**2 - a + 6. What is g(-4)?
-6
Let g(l) = 6*l + 7. Calculate g(-7).
-35
Let n(d) = 16*d - 100. Give n(5).
-20
Let g(r) = -2*r + 10. What is g(6)?
-2
Let c(w) = -w**2 + 10*w - 7. Determine c(9).
2
Let q(v) = -v**3 + 22*v**2 + 55*v - 168. Determine q(24).
0
Let m(d) = d**2 + 13*d + 14. Give m(-11).
-8
Let i(s) = s - 2. What is i(-3)?
-5
Let g(s) = -2*s**2 + 8*s + 8. What is g(5)?
-2
Let j(f) = -3*f**2 - 26*f - 17. Calculate j(-7).
18
Let j(u) = -2*u - 7. Calculate j(-16).
25
Let w(i) = i**2 + 9*i - 2. What is w(-4)?
-22
Let o(m) = -m**3 + 7*m**2 - 5*m + 3. What is o(5)?
28
Let r(m) = -2*m - 20. Give r(-5).
-10
Let v(s) = s**2 - 3*s - 15. Give v(6).
3
Let l(o) = -o**3 - o**2 + 4*o + 3. Determine l(-3).
9
Let q(i) = -i**3 - 15*i**2 + 12*i - 39. Give q(-16).
25
Let p(r) = -r**2 - 6*r + 46. Calculate p(-10).
6
Let b(d) = -4*d**3 + 5*d**2 + 21*d - 43. Determine b(2).
-13
Let i(g) = -g**3 - g**2 + 2*g + 4. Calculate i(0).
4
Let w(l) = 2*l**2 - l - 4. What is w(3)?
11
Let h(t) = t**2 - 9*t - 10. What is h(10)?
0
Let l(y) = -y**2 - y - 1. Determine l(2).
-7
Let i(w) = 3*w - 31. Give i(7).
-10
Let m(z) = -3*z - 41. Determine m(-15).
4
Let w(j) = -j**2 - 9*j - 27. Calculate w(-4).
-7
Let v(i) = i**2 + 7*i - 2. Calculate v(-10).
28
Let v(g) = -g**3 + g**2 + 27. What is v(0)?
27
Let n(l) = 9*l - 161. Give n(22).
37
Let n(z) = z**2 + 11*z + 7. What is n(-9)?
-11
Let v(z) = -z**3 + 7*z**2 + 3*z - 25. Determine v(7).
-4
Let h(m) = -m - 1. Calculate h(2).
-3
Let p(g) = -4*g**2 - 2*g + 2. Calculate p(-3).
-28
Let f(i) = -i**3 + 8*i**2 - i - 8. Give f(6).
58
Let a(r) = -r**3 + r**2 + 21*r - 3. Determine a(5).
2
Let m(b) = 2*b**2 - 1. Calculate m(-2).
7
Let d(q) = 105*q - 636. Determine d(6).
-6
Let g(p) = -21*p - 2. Give g(-1).
19
Let l(f) = -f + 10. What is l(0)?
10
Let l(g) = -6*g + 20. Calculate l(-5).
50
Let s(o) = 6*o**2 - 25*o + 12. Determine s(3).
-9
Let g(y) = -y**2 + 9*y + 1. Calculate g(5).
21
Let c(q) = q**3 - 12*q**2 + 21*q - 104. Calculate c(11).
6
Let t(n) = -n**2 - n - 1. Calculate t(3).
-13
Let h(g) = -g**2 + 17*g - 13. Give h(15).
17
Let l(v) = -v**3 + 4*v**2 - v. Determine l(2).
6
Let h(s) = 3*s - 41. What is h(11)?
-8
Let k(u) = u**3 + 19*u**2 - 21*u - 13. Determine k(-20).
7
Let p(g) = 7*g + 63. What is p(-10)?
-7
Let o(g) = -15*g + 252. Determine o(19).
-33
Let x(u) = u**2 - 21*u - 90. Determine x(25).
10
Let m(k) = 3*k**2. Determine m(1).
3
Let h(o) = -2*o**2 - 7*o + 3. Calculate h(-3).
6
Let o(b) = -b + 44. What is o(16)?
28
Let t(a) = 11*a**2 - 2*a + 1. Give t(1).
10
Let u(y) = 4*y - 13. What is u(14)?
43
Let h(a) = -a**3 - 11*a**2 + 8*a - 60. Give h(-12).
-12
Let s(b) = -b**2 + 20*b - 16. What is s(19)?
3
Let z(w) = 19*w**3 - w**2 + 1. Calculate z(1).
19
Let k(n) = 2*n**2 + 2*n - 9. Calculate k(0).
-9
Let y(s) = -44*s**2. Determine y(1).
-44
Let p(h) = h**3 - 6*h**2 + 2. What is p(4)?
-30
Let o(k) = 4*k - 5. Give o(5).
15
Let g(h) = h**3 - 10*h**2 + h - 20. What is g(10)?
-10
Let h(r) = -r**2 + 2*r - 6. Calculate h(4).
-14
Let x(u) = 36*u + 244. What is x(-7)?
-8
Let k(a) = -a**2 - 13*a - 13. Calculate k(-9).
23
Let b(k) = -k**3 - 5*k**2 + 7*k + 1. Calculate b(-6).
-5
Let a(m) = m + 32. Give a(-23).
9
Let n(y) = -y**3 - 24*y**2 - 112*y - 7. What is n(-18)?
65
Let i(s) = s**2 + 3*s - 2. Determine i(-3).
-2
Let k(w) = -2*w**2 + 19*w - 8. Calculate k(9).
1
Let j(h) = 14*h - 35. Give j(7).
63
Let z(p) = -5*p + 9. Give z(8).
-31
Let i(h) = -3*h - 12. Determine i(5).
-27
Let l(u) = -2*u - 13. Calculate l(-7).
1
Let b(i) = i**2 - 11. Determine b(0).
-11
Let h(d) = -d**3 + 7*d**2 + 9*d - 7. Give h(8).
1
Let d(g) = g**2 - 9*g - 13. Determine d(11).
9
Let q(c) = 3*c**2 + 22*c - 5. Give q(-10).
75
Let c(h) = -h**2 - 11*h + 65. Give c(-15).
5
Let u(b) = 18*b**3 + b. Calculate u(-1).
-19
Let l(g) = 2*g**3 + 6*g**2 - 1. What is l(-3)?
-1
Let b(l) = -52*l - 264. What is b(-5)?
-4
Let o(w) = -10*w - 32. Give o(-6).
28
Let f(m) = 5*m - 19. Calculate f(9).
26
Let o(r) = -22*r**2 + 6*r - 2. Give o(1).
-18
Let h(r) = 3*r**2 + 13*r - 14. Calculate h(-5).
-4
Let x(z) = -z**2 + z + 24. What is x(0)?
24
Let g(i) = 23*i - 25. What is g(5)?
90
Let d(c) = -5*c**2 + 116*c - 20. Give d(23).
3
Let x(o) = -o**2 - 24*o + 9. Determine x(-21).
72
Let m(n) = -9*n - 7. Calculate m(-2).
11
Let k(m) = -45*m. Determine k(-1).
45
Let p(c) = c**2 - 45*c + 121. What is p(42)?
-5
Let k(z) = -12*z - 38. What is k(5)?
-98
Let x(f) = -f - 14. Give x(18).
-32
Let j(k) = -k**2 - 5*k + 4. Give j(-6).
-2
Let r(k) = k**2 + 11*k + 